, 89, 317
What are the prime factors of 3201684?
2, 3, 37, 7211
What are the prime factors of 163957?
127, 1291
List the prime factors of 465301.
233, 1997
List the prime factors of 607869.
3, 17, 29, 137
List the prime factors of 5978286.
2, 3, 12301
What are the prime factors of 7735873?
2687, 2879
What are the prime factors of 5365444?
2, 7, 37, 5179
What are the prime factors of 14812135?
5, 13, 181, 1259
List the prime factors of 252727.
252727
List the prime factors of 198005.
5, 199
What are the prime factors of 2213597?
43, 51479
List the prime factors of 890887.
890887
List the prime factors of 397107.
3, 44123
What are the prime factors of 154017?
3, 109, 157
List the prime factors of 2906272.
2, 90821
List the prime factors of 225686.
2, 112843
List the prime factors of 4618748.
2, 19, 60773
List the prime factors of 4421344.
2, 31, 4457
What are the prime factors of 2803798?
2, 59, 23761
What are the prime factors of 175135?
5, 35027
What are the prime factors of 587184?
2, 3, 13, 941
What are the prime factors of 61521?
3, 20507
What are the prime factors of 3541180?
2, 5, 59, 3001
List the prime factors of 5266479.
3, 1755493
What are the prime factors of 4115560?
2, 5, 31, 3319
List the prime factors of 515049.
3, 17, 10099
What are the prime factors of 1616642?
2, 503, 1607
List the prime factors of 186270.
2, 3, 5, 7, 887
What are the prime factors of 7053649?
1613, 4373
What are the prime factors of 313468?
2, 78367
What are the prime factors of 133234?
2, 66617
List the prime factors of 826305.
3, 5, 31, 1777
What are the prime factors of 3371?
3371
List the prime factors of 6852736.
2, 11, 31, 157
List the prime factors of 868710.
2, 3, 5, 23, 1259
What are the prime factors of 2705553?
3, 521, 577
List the prime factors of 13310076.
2, 3, 13, 41, 2081
List the prime factors of 424819.
424819
What are the prime factors of 14044527?
3, 7, 31847
List the prime factors of 352347.
3, 257, 457
List the prime factors of 10749681.
3, 67, 17827
List the prime factors of 14624633.
14624633
List the prime factors of 1248378.
2, 3, 17, 12239
What are the prime factors of 1309362?
2, 3, 218227
List the prime factors of 3332824.
2, 11, 313
What are the prime factors of 320215?
5, 7, 1307
What are the prime factors of 1290849?
3, 7, 61469
List the prime factors of 2954546.
2, 7, 211039
List the prime factors of 3544446.
2, 3, 590741
What are the prime factors of 789286?
2, 394643
List the prime factors of 24048812.
2, 17, 251, 1409
What are the prime factors of 285343?
285343
What are the prime factors of 28489351?
11, 647, 4003
List the prime factors of 5747270.
2, 5, 574727
List the prime factors of 11802216.
2, 3, 17, 28927
List the prime factors of 939869.
7, 19181
What are the prime factors of 95200?
2, 5, 7, 17
List the prime factors of 15242018.
2, 11, 31, 22349
List the prime factors of 66309.
3, 23, 31
List the prime factors of 816945.
3, 5, 107, 509
List the prime factors of 162748.
2, 23, 29, 61
List the prime factors of 7550374.
2, 13, 290399
What are the prime factors of 16767?
3, 23
What are the prime factors of 410175?
3, 5, 1823
What are the prime factors of 4042953?
3, 19, 37, 71
What are the prime factors of 4088467?
4088467
What are the prime factors of 17119083?
3, 419, 13619
What are the prime factors of 10237139?
11, 23, 43, 941
What are the prime factors of 3370289?
13, 31, 8363
List the prime factors of 20222.
2, 10111
List the prime factors of 391603.
79, 4957
List the prime factors of 235709.
41, 5749
List the prime factors of 539476.
2, 7, 19267
What are the prime factors of 2365734?
2, 3, 7, 23, 31, 79
List the prime factors of 1821216.
2, 3, 61, 311
What are the prime factors of 83746?
2, 13, 3221
What are the prime factors of 8520285?
3, 5, 568019
What are the prime factors of 425301?
3, 141767
List the prime factors of 532670.
2, 5, 53267
What are the prime factors of 14498739?
3, 17, 193, 491
What are the prime factors of 8249337?
3, 277, 1103
List the prime factors of 1180106.
2, 17, 61, 569
List the prime factors of 205389.
3, 7607
What are the prime factors of 1688729?
7, 17, 23, 617
What are the prime factors of 1748704?
2, 54647
List the prime factors of 2787060.
2, 3, 5, 46451
What are the prime factors of 23510?
2, 5, 2351
What are the prime factors of 291033?
3, 3593
List the prime factors of 6450517.
337, 19141
What are the prime factors of 250420?
2, 5, 19, 659
List the prime factors of 106568.
2, 7, 11, 173
What are the prime factors of 3361165?
5, 647, 1039
What are the prime factors of 2875754?
2, 7, 17, 43, 281
What are the prime factors of 15537601?
15537601
What are the prime factors of 24484206?
2, 3, 491, 8311
List the prime factors of 3320929.
211, 15739
What are the prime factors of 114130?
2, 5, 101, 113
List the prime factors of 666741.
3, 222247
What are the prime factors of 1501104?
2, 3, 11, 2843
What are the prime factors of 3872834?
2, 7, 29, 9539
List the prime factors of 451798.
2, 223, 1013
List the prime factors of 256559.
173, 1483
What are the prime factors of 8628?
2, 3, 719
List the prime factors of 532925.
5, 21317
List the prime factors of 683296.
2, 131, 163
List the prime factors of 1033526.
2, 13, 127, 313
What are the prime factors of 2271711?
3, 13, 31, 1879
What are the prime factors of 16041990?
2, 3, 5, 139, 3847
List the prime factors of 27981212.
2, 7, 999329
What are the prime factors of 3811228?
2, 67, 14221
List the prime factors of 159914.
2, 37, 2161
List the prime factors of 1088264.
2, 136033
List the prime factors of 15019866.
2, 3, 59, 14143
What are the prime factors of 319086?
2, 3, 19, 311
What are the prime factors of 584429?
584429
List the prime factors of 813314.
2, 17, 19, 1259
List the prime factors of 343857.
3, 61, 1879
List the prime factors of 5019040.
2, 5, 13, 19, 127
List the prime factors of 2883877.
19, 151783
What are the prime factors of 1903033?
11, 113, 1531
What are the prime factors of 155114?
2, 77557
What are the prime factors of 16979611?
11, 607, 2543
List the prime factors of 4083453.
3, 11, 4583
List the prime factors of 135220.
2, 5, 6761
List the prime factors of 24425214.
2, 3, 11, 103, 3593
List the prime factors of 42311.
29, 1459
What are the prime factors of 9633655?
5, 29, 79
What are the prime factors of 3869007?
3, 101, 113
List the prime factors of 53205.
3, 5, 3547
What are the prime factors of 731695?
5, 61, 2399
What are the prime factors of 99841?
7, 17, 839
List the prime factors of 1472162.
2, 617, 1193
List the prime factors of 2420956.
2, 605239
What are the prime factors of 233749?
23, 10163
List the prime factors of 5058573.
3, 13, 129707
What are the prime factors of 1480464?
2, 3, 23, 149
List the prime factors of 1450043.
7, 59, 3511
What are the prime factors of 7184462?
2, 3592231
What are the prime factors of 1850313?
3, 61, 10111
What are the prime factors of 6048?
2, 3, 7
What are the prime factors of 1669776?
2, 3, 43, 809
What are the prime factors of 4175021?
197, 21193
List the prime factors of 29522802.
2, 3, 53, 263, 353
List the prime factors of 25994687.
83, 107, 2927
List the prime factors of 477673.
7, 68239
What are the prime factors of 463818?
2, 3, 23, 3361
List the prime factors of 1027416.
2, 3, 13, 37, 89
What are the prime factors of 520545?
3, 5, 34703
What are the prime factors of 12253006?
2, 137, 197, 227
What are the prime factors of 4054466?
2, 13, 17, 9173
List the prime factors of 1144428.
2, 3, 95369
What are the prime factors of 272073?
3, 89, 1019
List the prime factors of 582897.
3, 7, 41, 677
List the prime factors of 1280420.
2, 5, 73, 877
List the prime factors of 335337.
3, 111779
What are the prime factors of 1937079?
3, 101, 2131
List the prime factors of 4103405.
5, 820681
What are the prime factors of 6206977?
7, 19, 59, 113
What are the prime factors of 20283649?
47, 431567
List the prime factors of 53668.
2, 13417
What are the prime factors of 4291910?
2, 5, 7, 19, 461
List the prime factors of 10080230.
2, 5, 491, 2053
List the prime factors of 2374300.
2, 5, 23743
List the prime factors of 45581.
19, 2399
List the prime factors of 278522.
2, 47, 2963
What are the prime factors of 1646703?
3, 71, 859
What are the prime factors of 76931?
19, 4049
Wha